13941. Calculate o(-19).
81
Let v(z) = -z**3 - 59*z**2 - 164*z + 236. Determine v(-56).
12
Let t(c) = -2*c**3 - 8*c**2 - 17*c - 92. Determine t(-10).
1278
Let z(a) = 4*a**3 - a**2 + 7*a + 14. Calculate z(-2).
-36
Let p(r) = -76*r - 526. Determine p(-7).
6
Let k(z) = -3*z**3 - 38*z**2 + 7*z - 32. Calculate k(-13).
46
Let i(t) = -2107*t - 10527. What is i(-5)?
8
Let a(x) = -x**2 - 63*x + 102. Determine a(-68).
-238
Let q(w) = -62*w - 697. Give q(-12).
47
Let y(i) = 27*i**2 + 119*i - 493. Give y(4).
415
Let s(f) = 51*f**2 - 463*f + 27. Give s(9).
-9
Let s(g) = 2*g**2 - 1096*g + 19088. Determine s(18).
8
Let k(o) = -85*o - 5844. Determine k(-69).
21
Let c(k) = 8*k**3 + 9*k**2 + 4. Calculate c(3).
301
Let h(d) = -2*d**3 - 47*d**2 - 15*d + 88. Give h(-23).
-96
Let i(w) = 10*w**3 + 1091*w**2 + 105*w - 460. Determine i(-109).
-24
Let h(i) = -12*i**2 + 777*i + 150. Give h(65).
-45
Let n(a) = 1031*a + 11353. Calculate n(-11).
12
Let v(f) = -2*f**2 - 99*f - 510. Determine v(-6).
12
Let d(k) = 4*k**2 - 46*k - 101. Calculate d(14).
39
Let i(c) = 2*c**2 + 5*c + 91. What is i(-11)?
278
Let b(g) = -18*g**2 + 91*g + 66. Determine b(6).
-36
Let s(h) = 52*h - 65. Determine s(3).
91
Let v(c) = -11*c + 516. Determine v(46).
10
Let f(l) = l**2 + 418*l + 43673. Give f(-208).
-7
Let q(r) = 6*r**2 - 26*r + 27. Determine q(6).
87
Let l(x) = 65*x + 2389. Calculate l(-37).
-16
Let k(m) = m**3 + 37*m**2 - 25*m + 313. Determine k(-38).
-181
Let j(a) = 21*a**2 - 46*a + 34. Give j(1).
9
Let d(a) = 250*a - 5226. Give d(21).
24
Let n(c) = -94*c + 35. What is n(-7)?
693
Let l(d) = -8*d**2 + d - 9. Determine l(6).
-291
Let o(f) = -59*f - 489. Give o(-8).
-17
Let d(t) = t**2 + 1063*t + 128435. Determine d(-139).
-1
Let h(j) = 297*j - 2090. Give h(7).
-11
Let m(d) = -374*d - 262. Calculate m(-1).
112
Let b(o) = -4*o**2 + 28*o + 64. Determine b(9).
-8
Let p(l) = 2*l**2 - 89*l - 562. What is p(50)?
-12
Let u(o) = o**3 + 7*o**2 - 4*o + 32. Give u(-10).
-228
Let c(z) = -3*z**3 + 16*z**2 - 74*z + 223. Give c(4).
-9
Let d(h) = -6*h**2 + 16*h + 168. What is d(7)?
-14
Let k(a) = 70*a + 570. Give k(-8).
10
Let s(i) = -26972*i - 26984. Give s(-1).
-12
Let p(i) = -1282*i + 30773. Give p(24).
5
Let j(l) = -25*l**3 - 21*l**2 - 42*l + 1. Calculate j(-2).
201
Let z(t) = -3*t**3 + 15*t**2 - 25*t + 40. Give z(4).
-12
Let i(f) = -3*f**2 - 14*f - 39. What is i(0)?
-39
Let t(l) = 3*l**2 + 19*l - 33. Determine t(2).
17
Let b(z) = 199*z + 7372. Calculate b(-37).
9
Let g(h) = -3*h**2 - 48*h + 49. Give g(-21).
-266
Let i(f) = 3*f**3 + 40*f**2 + 16*f + 265. Determine i(-13).
226
Let d(z) = -z**3 - 30*z**2 - 43*z - 188. Give d(-29).
218
Let y(i) = 161*i + 7100. What is y(-44)?
16
Let d(c) = c**3 - 22*c**2 + 9. What is d(22)?
9
Let k(l) = -23*l**2 + 1056*l + 101. What is k(46)?
9
Let k(d) = -22*d + 689. Calculate k(31).
7
Let l(i) = 2*i**2 - 37*i + 270. What is l(31)?
1045
Let m(w) = -5307*w - 127373. Calculate m(-24).
-5
Let v(l) = -l**2 + 21*l - 83. What is v(15)?
7
Let p(d) = -3*d**3 - 12*d**2 - 98*d - 255. Give p(-4).
137
Let z(p) = p**2 + 254*p + 16114. Calculate z(-132).
10
Let i(m) = 3*m**3 + 4*m**2 + 3*m. Give i(-2).
-14
Let n(c) = -c**2 - 191*c - 935. Determine n(-5).
-5
Let y(z) = -32*z + 52. Calculate y(12).
-332
Let v(o) = -4*o**2 + 397*o + 5. What is v(0)?
5
Let n(t) = 7*t**2 - 470*t + 59. What is n(67)?
-8
Let z(r) = 4*r**3 - 68*r**2 - 68*r + 95. What is z(18)?
167
Let x(g) = -g**2 - 73*g + 1108. What is x(13)?
-10
Let f(u) = -u**3 + 82*u**2 - 390*u + 372. What is f(77)?
-13
Let y(w) = -16*w**2 + 102*w - 71. Calculate y(5).
39
Let r(b) = b**2 - 69*b - 4207. Calculate r(-39).
5
Let f(o) = -o**2 + 23*o - 114. Determine f(14).
12
Let s(z) = 3*z**2 - 125*z + 924. Give s(32).
-4
Let q(l) = -l**3 - 46*l**2 + 26*l - 1001. Determine q(-47).
-14
Let o(k) = -378*k - 380. Calculate o(-1).
-2
Let g(r) = -45*r**2 - 116*r + 347. Give g(3).
-406
Let t(x) = 75*x + 585. Calculate t(-8).
-15
Let g(s) = 678*s + 127. What is g(1)?
805
Let d(x) = -x**3 + 27*x**2 - 10*x + 277. What is d(27)?
7
Let f(l) = 205*l - 3106. Calculate f(15).
-31
Let t(q) = -137*q - 1794. Calculate t(-13).
-13
Let r(v) = -2*v**3 + 23*v**2 - 11*v - 8. Determine r(11).
-8
Let t(o) = -53*o - 318. What is t(-6)?
0
Let v(k) = 169*k - 1353. What is v(8)?
-1
Let t(c) = -1463*c + 20425. Give t(14).
-57
Let l(o) = 351*o**2 - 2452*o - 37. Determine l(7).
-2
Let h(x) = 282*x**2 - 15*x - 19. What is h(-1)?
278
Let d(k) = k + 14. Determine d(-3).
11
Let n(h) = h**2 - 5*h + 23. Determine n(4).
19
Let s(c) = c**3 + 7*c**2 + 33*c + 153. What is s(-6)?
-9
Let r(b) = -12*b**2 + 10*b + 28. Calculate r(5).
-222
Let x(p) = -p**2 - 16*p + 202. Determine x(8).
10
Let l(p) = 16*p**3 - 5*p**2 - 13*p + 4. Give l(-2).
-118
Let p(w) = 5*w**2 + 23*w + 2. Determine p(-11).
354
Let o(t) = t**3 + 4*t**2 - 7*t + 30. Calculate o(-6).
0
Let u(t) = t**2 + 193*t + 1337. What is u(-7)?
35
Let i(z) = 2*z**3 + z**2 + 31*z + 101. What is i(-3)?
-37
Let o(f) = -28*f**2 + 256*f - 25. Determine o(9).
11
Let u(b) = -b**2 + 20*b - 108. Calculate u(9).
-9
Let d(a) = -3*a**2 + 6*a - 11. What is d(-4)?
-83
Let h(p) = 8*p**3 + 5*p**2 - 22*p - 87. Give h(-3).
-192
Let o(r) = 32*r**2 - 325*r + 532. What is o(8)?
-20
Let j(a) = -2*a**2 - 52*a + 3. Calculate j(-26).
3
Let x(h) = h**3 + 6*h**2 - 71*h + 8. Calculate x(-12).
-4
Let l(w) = 36*w**3 + 7*w**2 - 39*w + 34. What is l(1)?
38
Let c(g) = 568*g + 21580. Determine c(-38).
-4
Let o(t) = -269*t + 1607. Determine o(6).
-7
Let g(r) = -r**2 - 18*r + 28. Give g(-18).
28
Let w(d) = d**2 - 45*d + 230. Calculate w(41).
66
Let o(q) = -q**3 + 7*q**2 - 27*q + 115. What is o(6)?
-11
Let n(j) = j**3 + 9*j**2 + 8101*j + 64743. What is n(-8)?
-1
Let v(c) = 167*c + 9. Determine v(1).
176
Let p(w) = -2*w**3 - 10*w**2 - 117*w + 747. Determine p(4).
-9
Let v(b) = -44*b + 50. Determine v(1).
6
Let u(w) = w**3 - 196*w**2 + 6470*w - 92. Calculate u(42).
-8
Let a(z) = -29*z + 1073. Calculate a(36).
29
Let s(u) = -u**3 + 10*u**2 - 11*u - 67. What is s(8)?
-27
Let q(z) = -24*z - 3559. Determine q(-139).
-223
Let r(n) = -3*n**2 + 72*n + 226. What is r(27)?
-17
Let s(l) = -17*l - 151. Calculate s(-9).
2
Let r(y) = -3*y**2 - 99*y - 53. What is r(-30)?
217
Let t(i) = i**3 - 6*i**2 - 4*i - 4. Give t(4).
-52
Let c(q) = -21*q + 82. Give c(10).
-128
Let h(j) = 945*j + 2. Give h(0).
2
Let h(w) = -16*w**3 - 20*w**2 - w - 2. Calculate h(-1).
-5
Let m(i) = -26*i**2 + 24*i + 17. Determine m(3).
-145
Let l(o) = -2*o**3 + 123*o**2 + 66*o - 66. Determine l(62).
182
Let j(d) = -14*d**3 + d**2 - 15*d + 4. Calculate j(-3).
436
Let u(r) = -r**3 - 10*r**2 + 141*r - 4. What is u(8)?
-28
Let w(p) = -p**3 - 20*p**2 + 22*p - 69. Determine w(-21).
-90
Let h(n) = -n**3 + 14*n**2 - 9*n + 30. What is h(13)?
82
Let v(w) = w**2 - 120*w - 1434. Determine v(-11).
7
Let x(i) = -2*i**2 - 133*i + 731. Determine x(6).
-139
Let c(w) = -13*w**2 - 66*w + 89. Give c(1).
10
Let c(q) = -34*q - 131. Determine c(-6).
73
Let k(j) = -3*j**3 - 105*j**2 + 2*j + 65. Give k(-35).
-5
Let a(h) = 66*h + 446. What is a(-8)?
-82
Let m(o) = 3*o**2 - 18*o - 64. Calculate m(-6).
152
Let c(o) = 7*o**2 + 82*o + 164. Give c(-9).
-7
Let z(h) = 2*h**2 + 19*h + 44. Determine z(-9).
35
Let i(p) = 129*p**2 + 15*p + 34. Calculate i(-2).
520
Let s(j) = -741*j - 45202. Calculate s(-61).
-1
Let m(d) = -170*d - 507. What is m(-3)?
3
Let g(s) = 564*s**2 + 6204*s + 10. Calculate g(-11).
10
Let n(p) = -p**3 + 7*p**2 + 212*p - 1057. Calculate n(5).
53
Let q(m) = m**3 - 16*m**2 - 2. What is q(15)?
-227
Let v(l) = -18*l + 252. Give v(15).
-18
Let l(b) = 10*b**3 - 160*b**2 - 2*b + 16. What is l(16)?
-16
Let g(s) = 26*s - 111. Calculate g(5).
19
Let k(o) = -o**3 - 3*o**2 + 46*o - 179. Give k(-9).
-107
Let a(t) = 47*t + 2354. Determine a(-50).
4
Let l(v) = v**3 - 18*v**2 - v + 36. Determine l(18).
18
Let u(k) = k**3 + 5*k**2 + k + 3. Determine u(2).
33
Let p(z) = 46*z + 116. Give p(-8).
-252
Let u(f) = -f**3 + 19*f**2 + 248*f - 4794. What is u(18)?
-6
Let l(o) = o**3 - 6*o**2 + 26*o - 30. Calculate l(3).
21
Let p(r) = r**2 - 48*r + 212. Give p(38).
-168
Let x(r) = -98*r - 803. Determine x(-8).
-19
Let j(w) = 135*w + 3419. What is j(-25)?
44
Let x(k) = -k**2 - k + 15. Calculate x(4).
-5
Let r(y) = 18*y + 11. Calculate r(3).
65
Let f(q) = 37